197, 1979
What are the prime factors of 4087831?
11, 19, 19559
What are the prime factors of 3199068?
2, 3, 19, 1559
What are the prime factors of 1525242?
2, 3, 254207
What are the prime factors of 255942?
2, 3, 59, 241
What are the prime factors of 58089?
3, 17, 67
What are the prime factors of 341134?
2, 281, 607
List the prime factors of 1152640.
2, 5, 1801
What are the prime factors of 3715340?
2, 5, 185767
List the prime factors of 2995451.
17, 23, 47, 163
List the prime factors of 3280022.
2, 151, 10861
List the prime factors of 370912.
2, 67, 173
What are the prime factors of 6405876?
2, 3, 107, 1663
What are the prime factors of 2969346?
2, 3, 23, 21517
List the prime factors of 12175696.
2, 13, 58537
What are the prime factors of 169993?
19, 23, 389
List the prime factors of 174216.
2, 3, 7, 17, 61
List the prime factors of 37671.
3, 29, 433
What are the prime factors of 242416?
2, 109, 139
List the prime factors of 720676.
2, 11, 1489
What are the prime factors of 6767336?
2, 23, 36779
What are the prime factors of 353038?
2, 7, 151, 167
What are the prime factors of 203666?
2, 101833
List the prime factors of 101031.
3, 7, 17, 283
What are the prime factors of 17255350?
2, 5, 7, 7043
What are the prime factors of 12510565?
5, 2502113
What are the prime factors of 15719735?
5, 953, 3299
List the prime factors of 1401275.
5, 23, 2437
List the prime factors of 282862.
2, 233, 607
What are the prime factors of 4938011?
13, 61, 479
List the prime factors of 326177.
439, 743
What are the prime factors of 2684481?
3, 373, 2399
List the prime factors of 368313.
3, 11, 11161
List the prime factors of 447143.
23, 19441
What are the prime factors of 1571685?
3, 5, 104779
List the prime factors of 259821.
3, 9623
What are the prime factors of 709097?
709097
What are the prime factors of 10167544?
2, 1270943
What are the prime factors of 35939?
83, 433
List the prime factors of 3190157.
19, 8837
List the prime factors of 246879.
3, 27431
List the prime factors of 11918778.
2, 3, 97, 20479
List the prime factors of 3063063.
3, 181, 5641
List the prime factors of 997118.
2, 17, 29327
What are the prime factors of 735276?
2, 3, 71, 863
What are the prime factors of 1069718?
2, 13, 41143
List the prime factors of 740174.
2, 61, 6067
List the prime factors of 1314890.
2, 5, 131489
List the prime factors of 889905.
3, 5, 41, 1447
What are the prime factors of 6339576?
2, 3, 43, 6143
What are the prime factors of 1004004?
2, 3, 167
What are the prime factors of 3121476?
2, 3, 269, 967
List the prime factors of 25111630.
2, 5, 23, 47, 101
List the prime factors of 1810162.
2, 53, 17077
What are the prime factors of 788771?
29, 59, 461
List the prime factors of 12924284.
2, 17, 190063
What are the prime factors of 1754901?
3, 194989
What are the prime factors of 80501?
79, 1019
What are the prime factors of 6348719?
13, 37, 67, 197
List the prime factors of 42670.
2, 5, 17, 251
List the prime factors of 131701.
131701
List the prime factors of 506691.
3, 56299
List the prime factors of 1102450.
2, 5, 17, 1297
List the prime factors of 248624.
2, 41, 379
List the prime factors of 11209095.
3, 5, 223, 1117
List the prime factors of 468090.
2, 3, 5, 7, 743
List the prime factors of 1813246.
2, 19, 47717
What are the prime factors of 27449118?
2, 3, 17, 9967
List the prime factors of 806448.
2, 3, 53, 317
What are the prime factors of 15162493?
15162493
List the prime factors of 19850777.
19850777
List the prime factors of 674219.
7, 13, 31, 239
What are the prime factors of 2577199?
139, 18541
List the prime factors of 27849481.
11, 23, 10007
What are the prime factors of 13300497?
3, 7, 70373
What are the prime factors of 2883306?
2, 3, 53, 9067
List the prime factors of 311645.
5, 157, 397
List the prime factors of 2929750.
2, 5, 11719
List the prime factors of 194255.
5, 38851
What are the prime factors of 6474545?
5, 7, 11, 67, 251
What are the prime factors of 2047235?
5, 331, 1237
What are the prime factors of 7951410?
2, 3, 5, 17, 5197
List the prime factors of 493691.
11, 37, 1213
What are the prime factors of 1646890?
2, 5, 7, 3361
List the prime factors of 67881.
3, 11, 17
List the prime factors of 23883845.
5, 4776769
What are the prime factors of 1742923?
7, 13, 107, 179
What are the prime factors of 3819098?
2, 223, 8563
What are the prime factors of 61234?
2, 17, 1801
What are the prime factors of 1162305?
3, 5, 23, 1123
List the prime factors of 537595.
5, 79, 1361
List the prime factors of 316792.
2, 7, 5657
List the prime factors of 69420.
2, 3, 5, 13, 89
What are the prime factors of 335835?
3, 5, 17, 439
List the prime factors of 5733718.
2, 47, 181, 337
List the prime factors of 438435.
3, 5, 9743
What are the prime factors of 105127?
11, 19, 503
What are the prime factors of 119248?
2, 29, 257
List the prime factors of 18253965.
3, 5, 19, 3371
What are the prime factors of 598819?
13, 73, 631
What are the prime factors of 365290?
2, 5, 36529
What are the prime factors of 1521313?
17, 109, 821
What are the prime factors of 300200?
2, 5, 19, 79
List the prime factors of 2343564.
2, 3, 65099
List the prime factors of 5333509.
19, 280711
What are the prime factors of 62533?
62533
List the prime factors of 6472811.
563, 11497
What are the prime factors of 2481241?
7, 354463
What are the prime factors of 2250048?
2, 3, 11719
What are the prime factors of 16756486?
2, 37, 367, 617
List the prime factors of 3428585.
5, 685717
List the prime factors of 2358128.
2, 19, 7757
List the prime factors of 17961426.
2, 3, 7, 47, 337
List the prime factors of 3721998.
2, 3, 7, 23, 3853
What are the prime factors of 363168?
2, 3, 13, 97
List the prime factors of 14343887.
269, 53323
List the prime factors of 177218.
2, 88609
What are the prime factors of 15957630?
2, 3, 5, 13, 23, 593
What are the prime factors of 3825306?
2, 3, 17, 463
What are the prime factors of 10186636?
2, 2546659
List the prime factors of 4292179.
83, 51713
What are the prime factors of 8162152?
2, 1020269
List the prime factors of 3119240.
2, 5, 29, 2689
What are the prime factors of 3435865?
5, 19, 59, 613
What are the prime factors of 976344?
2, 3, 17, 2393
What are the prime factors of 1862363?
491, 3793
What are the prime factors of 370181?
7, 52883
List the prime factors of 1251735.
3, 5, 83449
What are the prime factors of 6817141?
541, 12601
List the prime factors of 338165.
5, 47, 1439
List the prime factors of 847298.
2, 423649
What are the prime factors of 2120391?
3, 7, 13, 863
List the prime factors of 186977.
7, 26711
What are the prime factors of 25863252?
2, 3, 2155271
What are the prime factors of 6159201?
3, 2053067
List the prime factors of 1684274.
2, 19, 127, 349
What are the prime factors of 1109039?
389, 2851
List the prime factors of 4641952.
2, 7, 17, 23, 53
List the prime factors of 4289687.
19, 31, 7283
List the prime factors of 1269868.
2, 167, 1901
List the prime factors of 1110019.
1110019
List the prime factors of 1071537.
3, 357179
List the prime factors of 3537145.
5, 707429
List the prime factors of 339692.
2, 163, 521
What are the prime factors of 76361?
19, 4019
What are the prime factors of 896739?
3, 271, 1103
List the prime factors of 1178680.
2, 5, 79, 373
List the prime factors of 722664.
2, 3, 10037
What are the prime factors of 221737?
221737
What are the prime factors of 277789?
277789
What are the prime factors of 11316765?
3, 5, 754451
What are the prime factors of 257342?
2, 223, 577
What are the prime factors of 30179176?
2, 3772397
List the prime factors of 2347719.
3, 11, 71143
What are the prime factors of 1136694?
2, 3, 13, 19, 59
List the prime factors of 182623.
7, 3727
List the prime factors of 2558219.
2558219
What are the prime factors of 128949?
3, 53, 811
List the prime factors of 48078.
2, 3, 2671
List the prime factors of 160585.
5, 32117
List the prime factors of 2288813.
89, 25717
List the prime factors of 1707141.
3, 569047
What are the prime factors of 343871?
11, 43, 727
List the prime factors of 885630.
2, 3, 5, 53, 557
What are the prime factors of 907380?
2, 3, 5, 71
What are the prime factors of 79987?
79987
What are the prime factors of 5596225?
5, 223849
List the prime factors of 954592.
2, 23, 1297
What 